((-45)/(-6))/(l/(-4)). Suppose 2*t = t + i. List the prime factors of t.
3, 5
Suppose -c = 4*m - 3458, -3*m - 4314 = -8*m + 3*c. What are the prime factors of m?
2, 3
Suppose 5*f = 5*w - 20, 2*f + 14 = -5*w - 1. What are the prime factors of (-146)/(1 - w)*(-1 - 0)?
73
Suppose 95 - 682 = -p + 5*i, 0 = -2*p - 5*i + 1249. List the prime factors of p.
2, 3, 17
Let f(o) = -o**3 - 7*o**2 - 6*o + 12. Let i = -56 - -48. What are the prime factors of f(i)?
2, 31
Let m be 637/6 - (-21)/(-126). Suppose -3*w + 57 = j, -2*w + m = 2*j - 0*w. Let q = -22 + j. What are the prime factors of q?
29
Suppose -3*o + 140 = o. Suppose -z + m - 25 = -3*z, 3*m + o = 4*z. What are the prime factors of z?
11
Let b(x) = x**3 + 5*x**2 + 5. Let u be b(-5). Let a = u - 9. Let l(f) = f**2 + 2*f - 2. What are the prime factors of l(a)?
2, 3
Suppose 31*t - 28*t - 2574 = 0. What are the prime factors of t?
2, 3, 11, 13
Let g(l) be the third derivative of -7*l**4/24 + 2*l**3 - 4*l**2. What are the prime factors of g(-11)?
89
Let c = -743 - -2253. List the prime factors of c.
2, 5, 151
Let n(g) = 2*g + 19. Let w be n(-13). Let i(z) = -21*z**2 - 5*z - 3*z + 20*z**2 - 3*z + 4. What are the prime factors of i(w)?
2
Let n(x) = -x**3 - 4*x**2 + 2*x + 1. Let b be n(-6). Let v = b + -38. List the prime factors of v.
23
Let g = 5 + 268. List the prime factors of 1/2 - g/(-26).
11
Let c = -24 + 28. Suppose 4*l + 21 = c*n + l, -2*l - 6 = 0. Suppose n*g - 2*a = 3*a + 209, -g + a = -69. List the prime factors of g.
2, 17
List the prime factors of -2*3/12 + 1794/4.
2, 7
Let k(m) = m**3 + 9*m**2 + 2*m - 1. Let i = -1 - 3. What are the prime factors of k(i)?
71
Let j = -61 - -63. List the prime factors of (2/3*366)/j.
2, 61
Suppose -2*c - 3*x = 243, 4*x - x - 459 = 4*c. Let s = 120 + c. List the prime factors of s.
3
Let i(h) = -2*h + 8*h + 14*h**2 + 5*h - 15*h**2 - 19. Let l be i(10). List the prime factors of 46 + 3*(-3)/l.
47
Let z = 188 - -254. What are the prime factors of z?
2, 13, 17
Let r = -104 - -97. Let g = 146 + r. What are the prime factors of g?
139
Suppose 21*f + 495 = 22*f - 3*n, 0 = -3*f + 2*n + 1478. What are the prime factors of f?
2, 3, 41
Suppose -2*m + 3*k + 198 = 0, 3*m - m - 198 = 4*k. Let o = m + -5. What are the prime factors of o?
2, 47
Suppose 0 = 4*p + k + k - 10, -4*p = -k - 13. Let g(n) = 3*n**3 - 4*n**2 + 3*n + 1. Let b be g(p). Let q = -25 + b. What are the prime factors of q?
2, 3, 5
Let o(f) be the first derivative of 2*f**3/3 + f**2 + f + 34. Suppose 3*d - 18 = -b, -3*b + d + 10 = 2*b. List the prime factors of o(b).
5
Let m = -21 + 25. Suppose 2*r = -2*r + 5*d + 1155, -m*r = -d - 1159. Suppose -4*o = -9*o + r. What are the prime factors of o?
2, 29
Let h(w) = w**3 - 37*w**2 + 32*w - 68. What are the prime factors of h(39)?
2, 2111
Suppose -19*y + 16622 = -3043. List the prime factors of y.
3, 5, 23
Let x = -4047 - -7358. List the prime factors of x.
7, 11, 43
Suppose 4*a = 2*t + 2522, 4*a + 4*t = 7*t + 2519. What are the prime factors of a?
2, 79
Suppose 0*h - 3*h - 81 = 0. Let i = h + 40. What are the prime factors of i?
13
Let o(b) = 193*b**2 - b - 34. What are the prime factors of o(-3)?
2, 853
Suppose -2*u + 60 = 2*u. Suppose 0 = -2*s + 7*s + 15, 0 = -2*c - 5*s - u. Suppose w + 24 = 2*w + q, -w - 3*q + 14 = c. List the prime factors of w.
29
List the prime factors of 107/1 + 7 + (-49)/7.
107
Let b(x) = x**3 - 7*x**2 + 6*x - 5. Let i be b(6). Let k be (-20)/i + 0 + -4. Suppose 5*f - 3*a - 84 = k, -2*a - 66 = -2*f - 2*f. List the prime factors of f.
3, 5
Let c = -1 + 2. Suppose -2*k + 21 = -4*k + 5*f, -k - 3 = -f. List the prime factors of (-23)/(-2)*k/c.
23
Let f = -28 - -33. Suppose 4*d = r - 2*r + 172, f*d = 3*r - 465. Suppose 0*l - r = -2*l. List the prime factors of l.
2, 5
Suppose -b = 4*a - 305, -4*b + 245 = 3*a - 0*b. List the prime factors of a.
3, 5
Suppose -m - 2*m = -306. Suppose 4*j + 3*r = m, 3*j - 69 = -4*r + 4. Let x = j + -15. List the prime factors of x.
2, 3
Let b be (5 + (-4 - 0))*3. Suppose 83 + 109 = b*r. What are the prime factors of r?
2
Let o(m) = -14*m - 37. Let w(a) = 9*a + 25. Let t(r) = 5*o(r) + 7*w(r). List the prime factors of t(-7).
3, 13
Let k(q) = 2*q - 4. Let w be k(5). Let s(r) = r + 5. Let u be s(w). Suppose -9*h - 82 = -u*h. List the prime factors of h.
41
Suppose 0 = 2*f + c + 103, -3*c - 260 = 5*f - 0*c. Let s = f - -67. What are the prime factors of s?
2, 3
Let t(g) = -24*g - 255. What are the prime factors of t(-32)?
3, 19
Suppose 31*a + 262 = 32*a. Suppose 5*i - f = 323, 0 = -4*i - f + 3*f + a. List the prime factors of i.
2
Suppose -3*b + 2402 = -5*h, -2392 = -10*b + 7*b - 5*h. List the prime factors of b.
17, 47
Suppose 2*c = h + 1355 + 1661, -5*h + 20 = 0. What are the prime factors of c?
2, 5, 151
Suppose 5*k - 8800 = 5*i, 1611 - 6894 = -3*k + 2*i. List the prime factors of k.
41, 43
Suppose -m - 507 = -a, -27*a + 3*m - 1551 = -30*a. List the prime factors of a.
2
Suppose -17*w + 2*j + 4374 = -14*w, -5*w + 5*j = -7290. List the prime factors of w.
2, 3
Let r = 9650 + -6325. What are the prime factors of r?
5, 7, 19
Let t(p) = 3*p**3 - 2*p**2 - 65*p + 62. List the prime factors of t(12).
2, 2089
Suppose -3*o + o + 2*v = -238, -4*v + 12 = 0. What are the prime factors of o?
2, 61
Let b be (1 - 0) + (-122)/(-2). Suppose 0 = -4*k + 3*p - 18, -k + p - 1 = 3. Let o = b + k. What are the prime factors of o?
2, 7
List the prime factors of (7 - (-128)/(-6))/(2/(-282)).
43, 47
Suppose -3*b + 6*b = -84. Let h = 33 + b. Suppose 1 = -2*u + h, -2*q - u = -68. List the prime factors of q.
3, 11
Let c = -236 - -588. What are the prime factors of c?
2, 11
Let h = -15 - -21. List the prime factors of (-1)/(9/h)*-30.
2, 5
Suppose 3*u + 6*m - m = 615, 4*u = -2*m + 834. What are the prime factors of u?
2, 3, 5, 7
Suppose -2*b = -5*x - 84 + 308, 5*b = x - 54. Suppose 2*n - 2*v - 24 = -0*v, -3*n = 5*v - x. List the prime factors of n.
13
Suppose -y - n = y - 4114, 8226 = 4*y + 3*n. Suppose -w = w + y. List the prime factors of w/(-35) + (-4)/10.
29
Suppose 0 = -4*j + 3*k + 29, -5*j = -k - 26 - 24. Let t(b) = -b + 16 + 10 - 5. List the prime factors of t(j).
2, 5
Let b be 6/(-18)*(0 + 0). Let i(d) = -3*d + b + 4 - 2. What are the prime factors of i(-12)?
2, 19
Suppose 0 = 5*a + 2*f - 829, -2*a - f - 671 = -6*a. Suppose -20 = t - a. What are the prime factors of t?
3, 7
Suppose -7*y + 420 = -5*y. Let u be (2/5)/(6/y). Suppose -3*d + u = -3*g - 40, 0 = -g + 3. What are the prime factors of d?
3, 7
Let o(m) = m**2 + 2*m - 3. Let k be o(-4). Suppose 0*j + 505 = k*j. Let p = j + -69. What are the prime factors of p?
2
List the prime factors of (16 - 9)/(2 + (-441)/222).
2, 7, 37
Let h(u) = 32*u**2 - 3*u + 40. List the prime factors of h(3).
11, 29
Let g(f) = -34*f + 16. List the prime factors of g(-2).
2, 3, 7
Let z(m) = 229*m + 22. List the prime factors of z(2).
2, 3, 5
Suppose -7 + 25 = 3*j. Suppose r - j*r = -10. What are the prime factors of r?
2
Suppose 0 = -1395*m + 1414*m - 49666. List the prime factors of m.
2, 1307
Let w(z) = -z + 3. Let i be w(3). Suppose -c = -13 - i. List the prime factors of c.
13
Let p(q) = q**2 + 7*q - 3. Let f(m) be the second derivative of m**3/6 + m**2/2 + m. Let i(v) = 4*f(v) - p(v). What are the prime factors of i(-4)?
3
Let n(y) = y**2 - 9*y + 12. Let z be n(8). Let w be (-402)/z*4/(-6). Let s = -25 + w. What are the prime factors of s?
2, 3, 7
Let z(x) = 9*x**2 + 11*x - 2. What are the prime factors of z(-9)?
2, 157
Suppose y = 6*y - 15. List the prime factors of (147/(-6))/(y/(-6)).
7
Let u = 22 + -20. Suppose 2*j - d - 23 = -u*j, d - 1 = 0. What are the prime factors of j?
2, 3
Suppose -c = 5*j - 7, 4*c - 9 = -j - 0*j. Let t(n) = 11. Let o(x) = -x + 3. Let v(d) = -5*o(d) + t(d). What are the prime factors of v(c)?
2, 3
Let q = 656 + 591. List the prime factors of q.
29, 43
Suppose 2*c + 0*c = 0. Suppose 5*i - 31 - 59 = c. What are the prime factors of i?
2, 3
Suppose 5*k + 5 = 4*i - 18, -i = -4*k - 14. Suppose -3*y - 5*n + 18 = 0, -y + 2*y = i*n + 6. Suppose -y*p - 14 = -7*p. List the prime factors of p.
2, 7
Suppose -7*s + 521 = -424. Suppose -2*t - 3*t + s = 0. What are the prime factors of t?
3
Suppose 7*a - 11*a = 0. What are the prime factors of a + (-13)/(26/(-132))?
2, 3, 11
Suppose 9 